207141 (base 11) to base 9
554757
650619 (base 15) to base 9
10042086
-a43556 (base 11) to base 3
-10011000221010
Convert 3202350 (base 11) to base 10.
5639865
What is -2dff (base 16) in base 9?
-17133
What is -204463115 (base 7) in base 5?
-11043123142
What is -12322213302 (base 5) in base 6?
-1254155013
What is -24338 (base 12) in base 5?
-3030420
What is -100110000000100010101 (base 2) in base 3?
-2100021110012
953a70 (base 14) to base 12
1832342
What is 642576 (base 9) in base 14?
9d554
Convert a359136 (base 11) to base 12.
61590b7
-1ba38 (base 14) to base 3
-10120212012
-76514 (base 10) to base 9
-125855
Convert 12304253 (base 6) to base 16.
610e9
Convert -10100222121 (base 3) to base 13.
-24262
Convert 10101111000110010110101 (base 2) to base 8.
25706265
Convert 15213271 (base 9) to base 13.
174c47b
Convert -23120003 (base 5) to base 7.
-1522652
-15f1bb (base 16) to base 13
-3b4791
What is 21222002022 (base 3) in base 13?
564a4
What is -425111 (base 7) in base 14?
-1cc78
5150223 (base 6) to base 2
111100011101000111
-1001101110110110 (base 2) to base 12
-1b09a
-7a91c (base 13) to base 14
-5b603
What is 181235 (base 12) in base 13?
11791a
What is 31530b (base 16) in base 3?
20002020012002
Convert -15844 (base 11) to base 14.
-81ba
48b85 (base 12) to base 5
11122303
Convert 11001220122 (base 3) to base 16.
138fe
Convert b399da (base 15) to base 6.
502553541
What is -3321210330 (base 4) in base 14?
-1c8792
Convert -322011 (base 4) to base 11.
-287a
Convert -122120100100200 (base 3) to base 12.
-3163130
Convert -1462918 (base 10) to base 7.
-15302032
Convert -83700 (base 9) to base 15.
-1157c
What is 1040225 (base 6) in base 11?
36019
110100221211102 (base 3) to base 11
378a65a
What is 1315461 (base 9) in base 13?
1c2460
Convert -11423622 (base 7) to base 16.
-f7b21
What is -17a3c2 (base 13) in base 9?
-1104548
Convert -1616166 (base 7) to base 9.
-368860
-16ba32 (base 12) to base 14
-a36bc
What is -2b2976 (base 14) in base 7?
-15540306
Convert 9c49e (base 15) to base 5.
111402144
What is -1110013013 (base 4) in base 15?
-6c12e
What is 1010521 (base 6) in base 3?
2110001011
-4017b (base 13) to base 3
-12211002022
Convert 2553144 (base 7) to base 14.
89224
Convert 2220202313 (base 4) to base 2.
10101000100010110111
Convert -4e6aa (base 16) to base 6.
-10515002
-110101000111000110 (base 2) to base 7
-1564143
33222 (base 10) to base 13
12177
Convert 25694a (base 11) to base 9.
675703
What is -222001211111200 (base 3) in base 13?
-2b40892
435410310 (base 6) to base 15
a48396
-45350503 (base 6) to base 3
-2121021010210
What is -53bb22 (base 12) in base 3?
-2111102021122
What is -3042013 (base 5) in base 6?
-1021441
What is -121103011 (base 4) in base 16?
-194c5
Convert cb6126 (base 13) to base 16.
48fbde
-262773 (base 8) to base 15
-1c248
What is 101356563 (base 7) in base 16?
5abf58
100200101000012 (base 3) to base 4
103213333232
Convert -257223 (base 8) to base 7.
-522440
What is -1321304 (base 8) in base 4?
-1122023010
Convert 3414f (base 16) to base 3.
101211122000
-35544434 (base 6) to base 9
-2083764
What is -1010110100100000101110 (base 2) in base 4?
-22310200232
Convert 23400143 (base 5) to base 14.
58853
What is -255025503 (base 6) in base 15?
-68a49c
What is 1343044003 (base 5) in base 3?
20120011210011
-10210322000 (base 4) to base 3
-2020221201222
61c936 (base 14) to base 9
6178787
What is -111001011100010000 (base 2) in base 12?
-b41a8
Convert 646232 (base 7) to base 16.
1b7f1
What is -11769772 (base 10) in base 13?
-2591281
-422a0b6 (base 12) to base 4
-233223320022
Convert -1001110000010101001011 (base 2) to base 8.
-11602513
Convert -140655 (base 8) to base 16.
-c1ad
-1980713 (base 11) to base 14
-62cba9
b52709 (base 12) to base 13
788118
What is -3022110 (base 6) in base 12?
-6a936
What is 3512217 (base 8) in base 16?
e948f
What is -124312410 (base 5) in base 8?
-2272322
Convert -15222433 (base 7) to base 13.
-3ba65b
Convert 1421511 (base 6) to base 14.
21603
Convert 1000010111011001111111 (base 2) to base 11.
1268718
-536701 (base 9) to base 8
-1160576
Convert bb40d (base 16) to base 10.
766989
Convert 582a6 (base 11) to base 13.
2c43a
What is 15563533 (base 7) in base 9?
2753374
Convert 1772559 (base 10) to base 11.
1000828
What is 121554 (base 9) in base 6?
1323334
-1baf3 (base 16) to base 11
-78217
4d11b (base 14) to base 8
562165
8b857e (base 15) to base 2
11001011010000000010111
Convert 1012100101200 (base 3) to base 5.
130333310
-22303020 (base 4) to base 11
-30261
What is -8c89 (base 15) in base 11?
-20458
Convert 89915 (base 10) to base 5.
10334130
-2461241 (base 9) to base 2
-101000110111111101100
Convert 2636361 (base 7) to base 6.
11223543
What is -303124403 (base 5) in base 4?
-10222300300
-2423233 (base 6) to base 7
-1041306
1184211 (base 9) to base 12
271a6a
-112012101112 (base 3) to base 2
-1000100001111000011
What is -241265623 (base 7) in base 12?
-502b751
Convert -83446 (base 16) to base 2.
-10000011010001000110
Convert 62520 (base 14) to base 11.
152068
Convert -25346263 (base 7) to base 6.
-121124501
-2141aa (base 12) to base 14
-d977c
Convert 4192730 (base 11) to base 7.
116515430
179211 (base 10) to base 5
21213321
3040113 (base 6) to base 11
9a0a8
What is -11224443 (base 7) in base 6?
-33010343
Convert 286386 (base 11) to base 15.
8c99d
Convert -3121320 (base 5) to base 3.
-2121120221
What is 1045054 (base 7) in base 6?
2433131
-37d4e4 (base 15) to base 11
-1569701
-1001111111011000000001 (base 2) to base 11
-1529671
What is -1147082 (base 10) in base 8?
-4300312
Convert 1525152 (base 6) to base 8.
256274
-206552234 (base 7) to base 16
-bc2d39
Convert -50544 (base 9) to base 6.
-413534
2002000022 (base 3) to base 5
2301312
Convert 513433 (base 7) to base 2.
10101011010000101
What is -115001620 (base 7) in base 8?
-33302030
What is -1011110000001110001000 (base 2) in base 4?
-23300032020
1478820 (base 9) to base 13
229359
What is -3121312 (base 9) in base 16?
-197195
775762 (base 9) to base 3
212112212002
What is 364265 (base 8) in base 14?
33845
-535dc3 (base 14) to base 5
-1210231212
What is -2220121103 (base 4) in base 14?
-13d519
Convert 12002021111022 (base 3) to base 15.
385908
Convert -1122230 (base 6) to base 16.
-e0ca
What is -2b89a (base 12) in base 6?
-1153514
What is -18423024 (base 9) in base 11?
-5272800
Convert -11000110110110010 (base 2) to base 13.
-37457
Convert -21210020221110 (base 3) to base 2.
-1111110010010111111011
-caec40 (base 16) to base 8
-62566100
What is -21407 (base 13) in base 3?
-10001022022
Convert -13eb8 (base 15) to base 12.
-310b5
-7e0944 (base 15) to base 9
-12304671
What is 34132113 (base 6) in base 2?
11111101100011101101
18933546 (base 10) to base 2
1001000001110011100101010
What is -454558 (base 11) in base 7?
-6102020
Convert 133a68 (base 11) to base 6.
4301215
What is -20243244 (base 5) in base 8?
-503111
What is -7bb4 (base 14) in base 4?
-11100102
Convert 234440012 (base 6) to base 16.
437948
22602 (base 15) to base 8
325450
Convert -10852774 (base 9) to base 15.
-6e773d
What is 267a3 (base 11) in base 9?
57385
Convert -23332221 (base 4) to base 10.
-49065
Convert d984e (base 16) to base 2.
11011001100001001110
Convert -38435618 (base 9) to base 12.
-6396752
What is -800269 (base 10) in base 4?
-3003120031
11011111100010000 (base 2) to base 3
12210222211
Convert 1101000001101000011 (base 2) to base 9.
720433
-49a1a6 (base 15) to base 14
-67b62c
Convert 8e2077 (base 15) to base 6.
401314004
-578713 (base 10) to base 7
-4630132
7c73 (base 14) to base 12
10651
What is a60a97 (base 12) in base 11?
1526179
Convert 11011100100011011 (base 2) to base 5.
12103143
What is -16569 (base 16) in base 15?
-1c19c
-2053505 (base 6) to base 5
-11210000
What is 3132300010 (base 4) in base 5?
213144023
What is 1228158 (base 9) in base 10?
668627
Convert 5534543 (base 6) to base 11.
17a227
Convert 3033311121 (base 4) to base 7.
10143615
Convert -255334 (base 6) to base 2.
-101101011001010
What is 4cde8 (base 15) in base 4?
330011333
Convert 12348a0 (base 15) to base 8.
61704334
Convert 981175 (base 11) to base 12.
637589
1356432 (base 8) to base 4
1131310122
Convert 71168 (base 12) to base 14.
3b876
What is 253235 (base 11) in base 4?
1201203130
-2297533 (base 11) to base 3
-2